{"id":250,"date":"2024-11-12T14:31:40","date_gmt":"2024-11-12T17:31:40","guid":{"rendered":"https:\/\/www.intisoap.cl\/?post_type=product&#038;p=250"},"modified":"2024-11-12T14:31:40","modified_gmt":"2024-11-12T17:31:40","slug":"cubos-amatista","status":"publish","type":"product","link":"https:\/\/www.intisoap.cl\/?product=cubos-amatista","title":{"rendered":"Cubos Amatista"},"content":{"rendered":"<p><strong>Jab\u00f3n Artesanal \u00abCubos Amatista\u00bb<\/strong><\/p>\n<p>D\u00e9jate envolver por la calma de nuestros \u00abCubos Amatista\u00bb, un jab\u00f3n artesanal inspirado en la belleza m\u00edstica de la amatista y el aroma relajante de la lavanda. Estos cubos de color morado, cuidadosamente elaborados, combinan las propiedades hidratantes del Aceite de Oliva y la espuma cremosa del Aceite de Coco, mientras que el Aceite de Ricino a\u00f1ade una suavidad lujosa a la piel. Cada cubo es una invitaci\u00f3n a un ba\u00f1o sereno que evoca la tranquilidad y la elegancia de esta piedra preciosa, ofreciendo un momento de paz y bienestar.<\/p>\n<p><strong>Ingredientes:<\/strong> Aceite de Coco, Aceite de Oliva, Aceite de Ricino, Fragancia de Lavanda, Agua Destilada, Lej\u00eda (ausente en el producto final tras la saponificaci\u00f3n), Micas para el color morado.<\/p>\n","protected":false},"excerpt":{"rendered":"<p><strong>Jab\u00f3n Artesanal \u00abCubos Amatista\u00bb<\/strong><\/p>\n<p>Rel\u00e1jate con el aroma suave de lavanda y el color profundo del morado en nuestros \u00abCubos Amatista\u00bb. Este jab\u00f3n artesanal hidrata y suaviza la piel, evocando la serenidad y elegancia de la amatista en cada uso. Ideal para un momento de calma y bienestar en tu rutina diaria.<\/p>\n","protected":false},"featured_media":254,"comment_status":"open","ping_status":"closed","template":"","meta":[],"product_cat":[15],"product_tag":[],"class_list":{"0":"post-250","1":"product","2":"type-product","3":"status-publish","4":"has-post-thumbnail","6":"product_cat-uncategorized","8":"first","9":"instock","10":"taxable","11":"shipping-taxable","12":"purchasable","13":"product-type-simple"},"jetpack_sharing_enabled":true,"_links":{"self":[{"href":"https:\/\/www.intisoap.cl\/index.php?rest_route=\/wp\/v2\/product\/250","targetHints":{"allow":["GET"]}}],"collection":[{"href":"https:\/\/www.intisoap.cl\/index.php?rest_route=\/wp\/v2\/product"}],"about":[{"href":"https:\/\/www.intisoap.cl\/index.php?rest_route=\/wp\/v2\/types\/product"}],"replies":[{"embeddable":true,"href":"https:\/\/www.intisoap.cl\/index.php?rest_route=%2Fwp%2Fv2%2Fcomments&post=250"}],"wp:featuredmedia":[{"embeddable":true,"href":"https:\/\/www.intisoap.cl\/index.php?rest_route=\/wp\/v2\/media\/254"}],"wp:attachment":[{"href":"https:\/\/www.intisoap.cl\/index.php?rest_route=%2Fwp%2Fv2%2Fmedia&parent=250"}],"wp:term":[{"taxonomy":"product_cat","embeddable":true,"href":"https:\/\/www.intisoap.cl\/index.php?rest_route=%2Fwp%2Fv2%2Fproduct_cat&post=250"},{"taxonomy":"product_tag","embeddable":true,"href":"https:\/\/www.intisoap.cl\/index.php?rest_route=%2Fwp%2Fv2%2Fproduct_tag&post=250"}],"curies":[{"name":"wp","href":"https:\/\/api.w.org\/{rel}","templated":true}]}}