{"id":125,"date":"2024-11-06T16:58:29","date_gmt":"2024-11-06T19:58:29","guid":{"rendered":"https:\/\/www.intisoap.cl\/?post_type=product&#038;p=125"},"modified":"2024-11-06T16:58:29","modified_gmt":"2024-11-06T19:58:29","slug":"suenos-de-sabana","status":"publish","type":"product","link":"https:\/\/www.intisoap.cl\/?product=suenos-de-sabana","title":{"rendered":"Sue\u00f1os de Sabana"},"content":{"rendered":"<p>Jab\u00f3n Artesanal \u00abSue\u00f1os de Sabana\u00bb<\/p>\n<p>Explora la majestuosidad de la naturaleza con nuestra barra de jab\u00f3n artesanal \u00abSue\u00f1os de Sabana\u00bb. Inspirado en las ic\u00f3nicas rayas de una cebra, este jab\u00f3n presenta un dise\u00f1o impactante que evoca la elegancia y el misterio de las llanuras africanas. Con el aroma c\u00e1lido y relajante del s\u00e1ndalo, \u00abSue\u00f1os de Sabana\u00bb ofrece una experiencia sensorial envolvente. Elaborado con aceites naturales que nutren y suavizan la piel, su espuma rica y cremosa te transporta a un estado de calma y bienestar, haciendo de cada uso un momento de lujo y cuidado personal. Cada barra es un homenaje a la belleza y la fuerza de la naturaleza.<\/p>\n<p>Ingredientes: Aceite de Coco, Aceite de Oliva, Aceite de Ricino, Aceite Esencial de S\u00e1ndalo, Agua Destilada, Lej\u00eda (despu\u00e9s de la saponificaci\u00f3n, la lej\u00eda no est\u00e1 presente en la barra terminada), Micas como colorantes naturales seguros para la piel.<\/p>\n","protected":false},"excerpt":{"rendered":"<p>Jab\u00f3n Artesanal \u00abSue\u00f1os de Sabana\u00bb Explora la majestuosidad de la naturaleza con nuestra barra de jab\u00f3n artesanal \u00abSue\u00f1os de Sabana\u00bb. Inspirado en las ic\u00f3nicas rayas de una cebra, este jab\u00f3n presenta un dise\u00f1o impactante que evoca la elegancia y el misterio de las llanuras africanas. Con el aroma c\u00e1lido y relajante del s\u00e1ndalo, \u00abSue\u00f1os de [&hellip;]<\/p>\n","protected":false},"featured_media":136,"comment_status":"open","ping_status":"closed","template":"","meta":[],"product_cat":[15],"product_tag":[],"class_list":{"0":"post-125","1":"product","2":"type-product","3":"status-publish","4":"has-post-thumbnail","6":"product_cat-uncategorized","8":"first","9":"instock","10":"taxable","11":"shipping-taxable","12":"purchasable","13":"product-type-simple"},"jetpack_sharing_enabled":true,"_links":{"self":[{"href":"https:\/\/www.intisoap.cl\/index.php?rest_route=\/wp\/v2\/product\/125","targetHints":{"allow":["GET"]}}],"collection":[{"href":"https:\/\/www.intisoap.cl\/index.php?rest_route=\/wp\/v2\/product"}],"about":[{"href":"https:\/\/www.intisoap.cl\/index.php?rest_route=\/wp\/v2\/types\/product"}],"replies":[{"embeddable":true,"href":"https:\/\/www.intisoap.cl\/index.php?rest_route=%2Fwp%2Fv2%2Fcomments&post=125"}],"wp:featuredmedia":[{"embeddable":true,"href":"https:\/\/www.intisoap.cl\/index.php?rest_route=\/wp\/v2\/media\/136"}],"wp:attachment":[{"href":"https:\/\/www.intisoap.cl\/index.php?rest_route=%2Fwp%2Fv2%2Fmedia&parent=125"}],"wp:term":[{"taxonomy":"product_cat","embeddable":true,"href":"https:\/\/www.intisoap.cl\/index.php?rest_route=%2Fwp%2Fv2%2Fproduct_cat&post=125"},{"taxonomy":"product_tag","embeddable":true,"href":"https:\/\/www.intisoap.cl\/index.php?rest_route=%2Fwp%2Fv2%2Fproduct_tag&post=125"}],"curies":[{"name":"wp","href":"https:\/\/api.w.org\/{rel}","templated":true}]}}