{"id":118,"date":"2024-11-06T16:31:16","date_gmt":"2024-11-06T19:31:16","guid":{"rendered":"https:\/\/www.intisoap.cl\/?post_type=product&#038;p=118"},"modified":"2024-11-06T16:43:08","modified_gmt":"2024-11-06T19:43:08","slug":"sandia-de-verano","status":"publish","type":"product","link":"https:\/\/www.intisoap.cl\/?product=sandia-de-verano","title":{"rendered":"Sand\u00eda de Verano"},"content":{"rendered":"<p>Jab\u00f3n Artesanal \u00abSand\u00eda de Verano\u00bb<\/p>\n<p>Sum\u00e9rgete en la frescura y alegr\u00eda del verano con nuestra barra de jab\u00f3n artesanal \u00abSand\u00eda de Verano\u00bb. Inspirado en la dulzura y el vibrante color de la sand\u00eda, este jab\u00f3n combina un dise\u00f1o atractivo con el aroma floral y c\u00edtrico del neroli. Elaborado cuidadosamente con aceites naturales que nutren y suavizan la piel, \u00abSand\u00eda de Verano\u00bb brinda una experiencia sensorial refrescante y revitalizante, perfecta para los d\u00edas c\u00e1lidos. Su espuma rica y cremosa envuelve la piel en un ritual de limpieza que deja una sensaci\u00f3n de frescura y bienestar. Cada barra es una obra de arte, dise\u00f1ada para transportarte a un verano eterno lleno de frescura y vitalidad.<\/p>\n<p>Ingredientes: Aceite de Coco, Aceite de Oliva, Aceite de Ricino, Aceite Esencial de Neroli, Agua Destilada, Lej\u00eda (despu\u00e9s de la saponificaci\u00f3n, la lej\u00eda no est\u00e1 presente en la barra terminada), Micas como colorantes naturales seguros para la piel.<\/p>\n","protected":false},"excerpt":{"rendered":"<p>Jab\u00f3n Artesanal \u00abSand\u00eda de Verano\u00bb<\/p>\n<p>Disfruta de la frescura del verano con \u00abSand\u00eda de Verano\u00bb, un jab\u00f3n artesanal con dise\u00f1o de sand\u00eda y aroma a neroli. Elaborado con aceites naturales que nutren y suavizan la piel, ofrece una experiencia de limpieza revitalizante y llena de frescura.<\/p>\n","protected":false},"featured_media":124,"comment_status":"open","ping_status":"closed","template":"","meta":[],"product_cat":[15],"product_tag":[],"class_list":{"0":"post-118","1":"product","2":"type-product","3":"status-publish","4":"has-post-thumbnail","6":"product_cat-uncategorized","8":"first","9":"instock","10":"taxable","11":"shipping-taxable","12":"purchasable","13":"product-type-simple"},"jetpack_sharing_enabled":true,"_links":{"self":[{"href":"https:\/\/www.intisoap.cl\/index.php?rest_route=\/wp\/v2\/product\/118","targetHints":{"allow":["GET"]}}],"collection":[{"href":"https:\/\/www.intisoap.cl\/index.php?rest_route=\/wp\/v2\/product"}],"about":[{"href":"https:\/\/www.intisoap.cl\/index.php?rest_route=\/wp\/v2\/types\/product"}],"replies":[{"embeddable":true,"href":"https:\/\/www.intisoap.cl\/index.php?rest_route=%2Fwp%2Fv2%2Fcomments&post=118"}],"wp:featuredmedia":[{"embeddable":true,"href":"https:\/\/www.intisoap.cl\/index.php?rest_route=\/wp\/v2\/media\/124"}],"wp:attachment":[{"href":"https:\/\/www.intisoap.cl\/index.php?rest_route=%2Fwp%2Fv2%2Fmedia&parent=118"}],"wp:term":[{"taxonomy":"product_cat","embeddable":true,"href":"https:\/\/www.intisoap.cl\/index.php?rest_route=%2Fwp%2Fv2%2Fproduct_cat&post=118"},{"taxonomy":"product_tag","embeddable":true,"href":"https:\/\/www.intisoap.cl\/index.php?rest_route=%2Fwp%2Fv2%2Fproduct_tag&post=118"}],"curies":[{"name":"wp","href":"https:\/\/api.w.org\/{rel}","templated":true}]}}