{"id":102,"date":"2024-11-06T15:46:41","date_gmt":"2024-11-06T18:46:41","guid":{"rendered":"https:\/\/www.intisoap.cl\/?post_type=product&#038;p=102"},"modified":"2024-11-06T17:41:44","modified_gmt":"2024-11-06T20:41:44","slug":"rosa-nocturna","status":"publish","type":"product","link":"https:\/\/www.intisoap.cl\/?product=rosa-nocturna","title":{"rendered":"Rosa Nocturna"},"content":{"rendered":"<p><strong>Jab\u00f3n Artesanal \u00abElegancia de Rosa\u00bb<\/strong><\/p>\n<p>Sum\u00e9rgete en el lujo y la sofisticaci\u00f3n con nuestra barra de jab\u00f3n artesanal \u00abRosa Nocturna\u00bb. Inspirado en la belleza cl\u00e1sica y atemporal de una rosa, este jab\u00f3n presenta un elegante fondo negro con una delicada flor central que captura la esencia de la flor m\u00e1s ic\u00f3nica. El suave y seductor aroma a rosas llena el aire, mientras que las propiedades hidratantes del Aceite de Oliva se combinan a la perfecci\u00f3n con la espuma cremosa del Aceite de Coco, y el Aceite de Ricino proporciona una suavidad de lujo en la piel. Cada barra est\u00e1 meticulosamente dise\u00f1ada para brindarte una experiencia de ba\u00f1o que evoca la elegancia refinada de una rosa sobre un lienzo oscuro, ofreciendo un toque de distinci\u00f3n en tu rutina diaria.<\/p>\n<p><strong>Ingredientes<\/strong>: Aceite de Coco, Aceite de Oliva, Aceite de Ricino, Fragancia de Rosas, Agua Destilada, Lej\u00eda (despu\u00e9s de la saponificaci\u00f3n, la lej\u00eda no est\u00e1 presente en la barra terminada), Micas como colorantes naturales seguros para la piel.<\/p>\n","protected":false},"excerpt":{"rendered":"<p><strong>Jab\u00f3n Artesanal \u00abElegancia de Rosa\u00bb<\/strong><br \/>\nCon un fondo negro y una delicada flor central, \u00abRosa Nocturna\u00bb combina la sofisticaci\u00f3n visual con el seductor aroma a rosas. Elaborado con aceites de oliva, coco y ricino, este jab\u00f3n hidrata tu piel mientras a\u00f1ade un toque de lujo a tu rutina diaria.<\/p>\n","protected":false},"featured_media":103,"comment_status":"open","ping_status":"closed","template":"","meta":[],"product_cat":[15],"product_tag":[],"class_list":{"0":"post-102","1":"product","2":"type-product","3":"status-publish","4":"has-post-thumbnail","6":"product_cat-uncategorized","8":"first","9":"instock","10":"taxable","11":"shipping-taxable","12":"purchasable","13":"product-type-simple"},"jetpack_sharing_enabled":true,"_links":{"self":[{"href":"https:\/\/www.intisoap.cl\/index.php?rest_route=\/wp\/v2\/product\/102","targetHints":{"allow":["GET"]}}],"collection":[{"href":"https:\/\/www.intisoap.cl\/index.php?rest_route=\/wp\/v2\/product"}],"about":[{"href":"https:\/\/www.intisoap.cl\/index.php?rest_route=\/wp\/v2\/types\/product"}],"replies":[{"embeddable":true,"href":"https:\/\/www.intisoap.cl\/index.php?rest_route=%2Fwp%2Fv2%2Fcomments&post=102"}],"wp:featuredmedia":[{"embeddable":true,"href":"https:\/\/www.intisoap.cl\/index.php?rest_route=\/wp\/v2\/media\/103"}],"wp:attachment":[{"href":"https:\/\/www.intisoap.cl\/index.php?rest_route=%2Fwp%2Fv2%2Fmedia&parent=102"}],"wp:term":[{"taxonomy":"product_cat","embeddable":true,"href":"https:\/\/www.intisoap.cl\/index.php?rest_route=%2Fwp%2Fv2%2Fproduct_cat&post=102"},{"taxonomy":"product_tag","embeddable":true,"href":"https:\/\/www.intisoap.cl\/index.php?rest_route=%2Fwp%2Fv2%2Fproduct_tag&post=102"}],"curies":[{"name":"wp","href":"https:\/\/api.w.org\/{rel}","templated":true}]}}